{"id":15988,"date":"2025-12-11T20:11:46","date_gmt":"2025-12-11T20:11:46","guid":{"rendered":"https:\/\/yonetimonline.com\/?post_type=product&#038;p=15988"},"modified":"2026-02-16T14:12:13","modified_gmt":"2026-02-16T11:12:13","slug":"akilli-yonetim-paketi","status":"publish","type":"product","link":"https:\/\/yonetimonline.com\/index.php\/urun\/akilli-yonetim-paketi\/","title":{"rendered":"Y\u0131ll\u0131k Y\u00f6netim Paketi"},"content":{"rendered":"<p><strong data-start=\"0\" data-end=\"25\" data-is-only-node=\"\">Ak\u0131ll\u0131 Y\u00f6netim Paketi<\/strong>, site ve apartman y\u00f6netimlerinin t\u00fcm operasyonlar\u0131n\u0131 tek ekranda toplamak i\u00e7in geli\u015ftirilen kapsaml\u0131 bir dijital y\u00f6netim \u00e7\u00f6z\u00fcm\u00fcd\u00fcr. Aidat ve \u00f6deme takibinden g\u00fcvenlik kontrol\u00fcne, raporlamadan grup \u00f6demelerine, ara\u00e7 plaka kay\u0131tlar\u0131ndan anket ve duyuru sistemine kadar t\u00fcm s\u00fcre\u00e7leri otomatikle\u015ftirir. Kullan\u0131c\u0131 dostu aray\u00fcz\u00fc, mobil uyumlulu\u011fu ve g\u00fc\u00e7l\u00fc altyap\u0131s\u0131yla y\u00f6neticilere tam kontrol, sakinlere ise \u015feffaf ve d\u00fczenli bir ileti\u015fim ortam\u0131 sa\u011flar. T\u00fcm y\u00f6netim ihtiya\u00e7lar\u0131n\u0131 tek paket alt\u0131nda birle\u015ftirerek zamandan tasarruf ettirir, hatalar\u0131 azalt\u0131r ve profesyonel bir y\u00f6netim deneyimi sunar.<\/p>\n","protected":false},"excerpt":{"rendered":"<p>Ak\u0131ll\u0131 Y\u00f6netim Paketi, site ve apartman y\u00f6netimlerinin t\u00fcm operasyonlar\u0131n\u0131 tek ekranda toplamak i\u00e7in geli\u015ftirilen kapsaml\u0131 bir dijital y\u00f6netim \u00e7\u00f6z\u00fcm\u00fcd\u00fcr. Aidat<\/p>\n","protected":false},"featured_media":15806,"template":"","meta":[],"product_brand":[76],"product_cat":[20],"product_tag":[88,86,87],"class_list":{"0":"post-15988","1":"product","2":"type-product","3":"status-publish","4":"has-post-thumbnail","6":"product_brand-prusaweb","7":"product_cat-yonetimonline","8":"product_tag-apartman-yonetimi","9":"product_tag-site-yonetim-programi","10":"product_tag-site-yonetimi","12":"first","13":"instock","14":"taxable","15":"shipping-taxable","16":"purchasable","17":"product-type-simple"},"_links":{"self":[{"href":"https:\/\/yonetimonline.com\/index.php\/wp-json\/wp\/v2\/product\/15988","targetHints":{"allow":["GET"]}}],"collection":[{"href":"https:\/\/yonetimonline.com\/index.php\/wp-json\/wp\/v2\/product"}],"about":[{"href":"https:\/\/yonetimonline.com\/index.php\/wp-json\/wp\/v2\/types\/product"}],"version-history":[{"count":2,"href":"https:\/\/yonetimonline.com\/index.php\/wp-json\/wp\/v2\/product\/15988\/revisions"}],"predecessor-version":[{"id":16163,"href":"https:\/\/yonetimonline.com\/index.php\/wp-json\/wp\/v2\/product\/15988\/revisions\/16163"}],"wp:featuredmedia":[{"embeddable":true,"href":"https:\/\/yonetimonline.com\/index.php\/wp-json\/wp\/v2\/media\/15806"}],"wp:attachment":[{"href":"https:\/\/yonetimonline.com\/index.php\/wp-json\/wp\/v2\/media?parent=15988"}],"wp:term":[{"taxonomy":"product_brand","embeddable":true,"href":"https:\/\/yonetimonline.com\/index.php\/wp-json\/wp\/v2\/product_brand?post=15988"},{"taxonomy":"product_cat","embeddable":true,"href":"https:\/\/yonetimonline.com\/index.php\/wp-json\/wp\/v2\/product_cat?post=15988"},{"taxonomy":"product_tag","embeddable":true,"href":"https:\/\/yonetimonline.com\/index.php\/wp-json\/wp\/v2\/product_tag?post=15988"}],"curies":[{"name":"wp","href":"https:\/\/api.w.org\/{rel}","templated":true}]}}